s divided by 648399?
13
What is the remainder when 555005 is divided by 184799?
608
What is the remainder when 2329825 is divided by 65?
30
What is the remainder when 356580133 is divided by 4037?
4034
Calculate the remainder when 368677 is divided by 122827.
196
Calculate the remainder when 364531 is divided by 1024.
1011
Calculate the remainder when 1475106 is divided by 105364.
10
What is the remainder when 2589016 is divided by 11405?
81
Calculate the remainder when 8650216 is divided by 332697.
94
What is the remainder when 12129165 is divided by 282?
63
Calculate the remainder when 3699837 is divided by 739963.
22
Calculate the remainder when 261435 is divided by 3242.
2075
What is the remainder when 312307 is divided by 10197?
6397
Calculate the remainder when 75356 is divided by 18516.
1292
What is the remainder when 4249501 is divided by 624?
61
Calculate the remainder when 3490375 is divided by 53.
7
Calculate the remainder when 54635126 is divided by 925.
1
Calculate the remainder when 3651062 is divided by 1201.
22
What is the remainder when 28729 is divided by 4266?
3133
What is the remainder when 121914606 is divided by 116?
114
What is the remainder when 2392580 is divided by 217506?
14
What is the remainder when 55527 is divided by 356?
347
Calculate the remainder when 57799829 is divided by 17.
16
What is the remainder when 6472696 is divided by 606?
10
Calculate the remainder when 34890931 is divided by 34890922.
9
What is the remainder when 15817 is divided by 2636?
1
What is the remainder when 55721 is divided by 3124?
2613
Calculate the remainder when 1911646 is divided by 429.
22
Calculate the remainder when 32459 is divided by 6348.
719
Calculate the remainder when 411168 is divided by 979.
967
Calculate the remainder when 230137 is divided by 19124.
649
What is the remainder when 1571629 is divided by 1957?
158
What is the remainder when 257886556 is divided by 52?
44
Calculate the remainder when 644748 is divided by 70.
48
Calculate the remainder when 14467 is divided by 76.
27
Calculate the remainder when 8176215 is divided by 113558.
39
What is the remainder when 6278555 is divided by 6616?
6587
Calculate the remainder when 426981060 is divided by 13343158.
4
What is the remainder when 606916 is divided by 228?
208
What is the remainder when 30621862 is divided by 156?
154
Calculate the remainder when 46262106 is divided by 4062.
4050
Calculate the remainder when 63399810 is divided by 76.
2
What is the remainder when 29192174 is divided by 15032?
30
What is the remainder when 8640095 is divided by 2880031?
2
Calculate the remainder when 6857979 is divided by 3428983.
13
Calculate the remainder when 4234599 is divided by 478.
475
What is the remainder when 23739 is divided by 11851?
37
Calculate the remainder when 10017791 is divided by 7035.
6986
What is the remainder when 129278807 is divided by 996?
995
What is the remainder when 73918 is divided by 555?
103
Calculate the remainder when 78124 is divided by 10573.
4113
Calculate the remainder when 5294517 is divided by 55151.
21
Calculate the remainder when 12684253 is divided by 55.
43
What is the remainder when 410181 is divided by 7189?
408
What is the remainder when 27772390 is divided by 19?
14
What is the remainder when 7971591 is divided by 1752?
1743
Calculate the remainder when 2349391 is divided by 199.
196
Calculate the remainder when 1644795 is divided by 17313.
60
What is the remainder when 6453159 is divided by 19?
18
What is the remainder when 148996 is divided by 49659?
19
What is the remainder when 402512 is divided by 80481?
107
What is the remainder when 60140 is divided by 28421?
3298
What is the remainder when 3723680 is divided by 906?
20
Calculate the remainder when 2652649 is divided by 293.
120
What is the remainder when 1482839 is divided by 34?
31
Calculate the remainder when 3756351 is divided by 712.
551
Calculate the remainder when 136745 is divided by 45581.
2
What is the remainder when 589254 is divided by 96?
6
What is the remainder when 10030534 is divided by 244647?
7
Calculate the remainder when 91498 is divided by 577.
332
What is the remainder when 17703564 is divided by 2037?
2034
Calculate the remainder when 8168 is divided by 403.
108
What is the remainder when 1348309 is divided by 12038?
53
What is the remainder when 1013285 is divided by 892?
865
What is the remainder when 4149162 is divided by 4662?
4644
Calculate the remainder when 712621899 is divided by 4990.
4989
What is the remainder when 33556 is divided by 3589?
1255
What is the remainder when 26214 is divided by 8683?
165
What is the remainder when 50631 is divided by 1689?
1650
What is the remainder when 9922950 is divided by 163?
162
What is the remainder when 36093 is divided by 32190?
3903
What is the remainder when 140111 is divided by 224?
111
What is the remainder when 1723188 is divided by 4276?
4236
What is the remainder when 5782 is divided by 1005?
757
What is the remainder when 193751 is divided by 450?
251
What is the remainder when 81984 is divided by 1604?
180
Calculate the remainder when 226422 is divided by 171.
18
What is the remainder when 462372 is divided by 5081?
1
What is the remainder when 193820 is divided by 8084?
7888
Calculate the remainder when 86423968 is divided by 10802996.
0
What is the remainder when 35531 is divided by 17745?
41
What is the remainder when 37094218 is divided by 3285?
3283
What is the remainder when 188578 is divided by 37704?
58
What is the remainder when 24695 is divided by 6135?
155
Calculate the remainder when 4057504 is divided by 9684.
9592
Calculate the remainder when 10322310 is divided by 143.
141
Calculate the remainder when 12247 is divided by 12210.
37
Calculate the remainder when 425151 is divided by 141240.
1431
What is the remainder when 268774319 is divided by 3480?
3479
What is the remainder when 2079025 is divided by 612?
61
What is the remainder when 2552877 is divided by 1081?
636
Calculate the remainder when 2263 is divided by 2241.
22
Calculate the remainder when 4939659 is divided by 42.
39
Calculate the remainder when 126217 is divided by 125458.
759
What is the remainder when 462015 is divided by 92403?
0
Calculate the remainder when 100115 is divided by 32837.
1604
What is the remainder when 261581 is divided by 66?
23
Calculate the remainder when 392121 is divided by 12252.
57
Calculate the remainder when 42069 is divided by 12510.
4539
What is the remainder when 1728509 is divided by 427?
13
What is the remainder when 789207 is divided by 4137?
3177
Calculate the remainder when 131939 is divided by 144.
35
Calculate the remainder when 11188484 is divided by 15.
14
Calculate the remainder when 36847 is divided by 11201.
3244
What is the remainder when 1840420 is divided by 3842?
102
Calculate the remainder when 1886067 is divided by 341.
337
Calculate the remainder when 160109 is divided by 17401.
3500
Calculate the remainder when 106386024 is divided by 11.
8
Calculate the remainder when 48439180 is divided by 278386.
16
Calculate the remainder when 59510 is divided by 29723.
64
Calculate the remainder when 210256744 is divided by 21.
19
Calculate the remainder when 247882 is divided by 1630.
122
What is the remainder when 338955 is divided by 7373?
7170
Calculate the remainder when 3799066 is divided by 5554.
130
What is the remainder when 469645 is divided by 6261?
70
What is the remainder when 130590 is divided by 1422?
1188
What is the remainder when 11962947 is divided by 20?
7
Calculate the remainder when 13354225 is divided by 30.
25
Calculate the remainder when 166089852 is divided by 111.
108
Calculate the remainder when 101876686 is divided by 222.
220
What is the remainder when 41327 is divided by 10073?
1035
What is the remainder when 542473 is divided by 180798?
79
Calculate the remainder when 59316 is divided by 58980.
336
What is the remainder when 813046 is divided by 10678?
1518
What is the remainder when 224972 is divided by 44989?
27
What is the remainder when 332809 is divided by 23579?
2703
Calculate the remainder when 539849 is divided by 19994.
11
Calculate the remainder when 41348171 is divided by 93.
92
What is the remainder when 26844646 is divided by 542